et z(f) = f**3 + 10*f**2 + 3*f + 7. Determine z(-10).
-23
Let z(h) = -8*h - 2. Give z(1).
-10
Let v(r) = -59*r - 6. Calculate v(0).
-6
Let o(q) = -q**2 + 13*q - 8. Calculate o(12).
4
Let s(n) = 26*n + 97. Give s(-4).
-7
Let x(d) = d**3 - 19*d**2 + 23*d - 88. Calculate x(18).
2
Let n(g) = g**2 + 11*g + 24. Give n(-5).
-6
Let l(m) = 80*m - 1. Give l(1).
79
Let m(i) = i**3 + 2*i**2 - 9*i + 13. Determine m(2).
11
Let p(o) = 8*o + 81. What is p(-10)?
1
Let q(t) = 2*t**3 + 10*t**2 + 4*t - 7. Calculate q(-4).
9
Let b(w) = w**3 + 9*w**2 + 10*w. Give b(-8).
-16
Let t(c) = -6*c + 13. Calculate t(4).
-11
Let p(b) = -b**2 - 18*b - 78. Calculate p(-6).
-6
Let x(y) = y - 12. Give x(7).
-5
Let f(g) = -g**2 + g - 8. Determine f(0).
-8
Let u(j) = 48*j**3 + j**2 + 2*j + 1. Calculate u(-1).
-48
Let r(x) = x**2 + 11*x + 8. Calculate r(-10).
-2
Let u(x) = -x**3 - 16*x**2 - 30*x + 9. Determine u(-14).
37
Let b(l) = l**3 + 3*l**2 - 18*l - 19. Give b(-6).
-19
Let o(z) = -3*z**3 - 2*z**2 - 3*z + 3. Give o(-4).
175
Let o(r) = -2*r**2 - 9*r + 173. Give o(-12).
-7
Let l(g) = g**3 + 7*g**2 - 8*g + 8. What is l(-8)?
8
Let z(c) = 3*c**3 + 5*c**2 + 5*c - 4. Calculate z(-3).
-55
Let d(z) = 5*z**2 - 4*z - 3. Give d(-1).
6
Let u(a) = 11*a + 2. What is u(0)?
2
Let p(w) = w**3 - 14*w**2 - 2*w + 13. Give p(14).
-15
Let r(w) = -2*w + 38. Determine r(16).
6
Let g(m) = 14*m - 2. Calculate g(-1).
-16
Let y(t) = t**2 + 5*t + 12. What is y(-6)?
18
Let j(i) = -i**3 + 13*i**2 + 45*i + 52. Give j(16).
4
Let s(y) = 2*y**2 + 2*y + 86. Determine s(0).
86
Let l(u) = -u**3 + u**2 - 2*u - 4. What is l(-2)?
12
Let f(j) = 2*j**3 - 38*j**2 - 42*j + 43. Calculate f(20).
3
Let i(c) = -45*c - 227. Give i(-5).
-2
Let f(v) = v**2 - 2*v - 12. Determine f(3).
-9
Let f(t) = 114*t - 121. Give f(1).
-7
Let j(s) = -7*s**2. What is j(2)?
-28
Let k(d) = 10*d + 274. Determine k(-28).
-6
Let a(r) = r**3 - 3*r**2 + 1. Calculate a(4).
17
Let w(c) = c**3 + 19*c**2 - 19*c + 18. Determine w(-20).
-2
Let g(x) = x**2 + 21*x - 11. What is g(-10)?
-121
Let m(u) = 28*u + 9. Determine m(-1).
-19
Let z(w) = w - 8. Determine z(7).
-1
Let l(y) = y**3 + 2*y**2 - 19*y + 18. Give l(1).
2
Let o(t) = 10*t + 94. Calculate o(-10).
-6
Let i(m) = -47*m - 46. Determine i(-1).
1
Let d(r) = 61*r - 1519. Give d(25).
6
Let a(c) = -3*c**2 + 37*c - 69. What is a(10)?
1
Let y(s) = -s**3 + 8*s**2 + 4*s + 2. Calculate y(9).
-43
Let w(p) = 7*p**2 - p - 2. Determine w(-2).
28
Let l(d) = -2*d**2 - d + 1. Give l(-3).
-14
Let p(n) = 2*n + 20. Determine p(-9).
2
Let q(j) = -19*j - 5. Determine q(-6).
109
Let w(o) = 4*o + 2. What is w(-8)?
-30
Let g(z) = -49*z**2 - 3*z - 2. Determine g(-1).
-48
Let s(c) = 2*c + 13. What is s(18)?
49
Let x(h) = 4*h - 12. Determine x(5).
8
Let n(t) = -t**3 - 4*t**2 + t - 9. Determine n(-4).
-13
Let j(s) = -s**3 + 8*s**2 - 10*s + 5. Give j(7).
-16
Let z(s) = 2*s + 32. Determine z(-15).
2
Let p(r) = -r**3 + r**2 + 6*r + 2. Give p(0).
2
Let a(x) = -x**2 - x - 4. Give a(-2).
-6
Let f(t) = 2*t - 16. Determine f(7).
-2
Let i(x) = -x**2 - 15*x - 12. What is i(-14)?
2
Let f(t) = t + 19. What is f(-3)?
16
Let r(g) = -g**3 + 4*g**2 + 9*g - 4. Calculate r(6).
-22
Let p(b) = b**3 + b**2 - b - 38. Determine p(0).
-38
Let t(f) = 2*f**2 + 9*f + 1. Determine t(-7).
36
Let s(w) = -18*w**3 + 5*w**2 + 3*w - 1. Calculate s(-1).
19
Let n(k) = -k**2 + 15*k - 12. What is n(11)?
32
Let h(x) = -x**2 + 3*x + 30. Determine h(7).
2
Let m(t) = -t**3 - 10*t**2 + 9*t - 8. Calculate m(-11).
14
Let a(y) = 2*y**2 + 13*y - 16. What is a(-7)?
-9
Let n(x) = -x**2 + 13*x + 22. What is n(14)?
8
Let k(w) = w**3 - 3*w - 1. Determine k(-1).
1
Let j(b) = -7*b**2 + 25*b + 7. What is j(3)?
19
Let k(f) = -7*f**2 - 35*f - 15. Give k(-5).
-15
Let u(n) = -2*n**2 - 8*n + 2. Determine u(-4).
2
Let i(h) = -h**3 + 16*h**2 + 35*h + 21. Calculate i(18).
3
Let c(m) = -6*m**2 - 25*m + 12. What is c(-7)?
-107
Let l(v) = -6*v**2 - 60*v. Give l(-10).
0
Let q(m) = -m**2 + 7*m. Calculate q(7).
0
Let s(a) = 25*a + 10. Calculate s(-3).
-65
Let h(c) = -47*c**2 - c. Give h(-1).
-46
Let j(s) = s**2 - 11*s + 2. Give j(8).
-22
Let p(f) = f**2 - 29*f + 73. Give p(26).
-5
Let g(z) = z**3 - z**2 - 7*z + 21. Determine g(2).
11
Let o(x) = 7*x - 56. Calculate o(11).
21
Let w(x) = 69*x - 272. Calculate w(4).
4
Let b(p) = -p**2 + 5*p + 1. Give b(9).
-35
Let a(q) = 2*q - 2. Give a(7).
12
Let x(w) = -138*w + 1374. Determine x(10).
-6
Let p(o) = -14*o + 4. Give p(2).
-24
Let d(p) = p**2 - 8*p - 6. What is d(7)?
-13
Let h(j) = j**3 - j**2 - 8*j + 5. What is h(5)?
65
Let c(q) = q**3 - 27*q**2 + 27*q - 25. Give c(26).
1
Let y(h) = -2*h**3 - 2*h**2 + 3*h. Determine y(-3).
27
Let f(o) = -o**2 - 3*o + 16. Give f(5).
-24
Let y(u) = u**3 - 11*u**2 + 9*u - 16. Give y(10).
-26
Let d(y) = -y**3 + 6*y**2 + 16. Calculate d(6).
16
Let m(d) = -18*d + 5. What is m(-6)?
113
Let u(m) = -3*m. Determine u(-6).
18
Let k(g) = g**2 + 19*g + 63. Determine k(-10).
-27
Let w(k) = -k**3 - 4*k**2 + 12*k - 3. What is w(-6)?
-3
Let b(n) = -2*n**2 - 2*n + 12. Give b(0).
12
Let h(s) = -2*s**3 + 18*s**2 + 21*s - 7. Give h(10).
3
Let k(l) = 3*l**2 - 14*l + 3. What is k(4)?
-5
Let k(y) = y - 3. Give k(-2).
-5
Let l(f) = -f**3 - 11*f**2 + 13*f + 7. Give l(-12).
-5
Let c(d) = 5*d**3 + 27*d**2 + 6*d - 5. Calculate c(-5).
15
Let k(c) = c**3 + 15*c**2 - 2*c - 24. What is k(-15)?
6
Let b(g) = g**3 + 9*g**2 + 9*g + 4. Give b(-8).
-4
Let w(f) = -6*f. What is w(3)?
-18
Let m(b) = -9*b - 2. What is m(-5)?
43
Let y(w) = w**3 - 19*w**2 + 4*w - 9. Calculate y(19).
67
Let b(v) = 2*v**2 - 3*v + 5. Calculate b(2).
7
Let p(k) = -k**3 + 17*k**2 + k - 17. Calculate p(17).
0
Let n(j) = 2*j**3 + 2*j**2 + j - 7. Give n(0).
-7
Let l(n) = -n**3 + 5*n**2 - 2*n + 9. Determine l(4).
17
Let b(t) = 8*t + 138. What is b(-25)?
-62
Let w(m) = -m**2 - 12*m + 26. Calculate w(-14).
-2
Let r(d) = -14*d**2 - 12*d + 13. Give r(1).
-13
Let m(a) = a**3 + 10*a**2 - 40*a - 16. Determine m(-13).
-3
Let v(w) = -w**3 + 23*w**2 + 28*w - 82. What is v(24)?
14
Let k(g) = 5*g**2 + 70*g + 71. Determine k(-1).
6
Let i(d) = 13*d**3 - d**2 - 1. Determine i(-1).
-15
Let a(v) = -4*v - 32. Calculate a(-10).
8
Let k(i) = i**2 + 3*i - 5. What is k(-5)?
5
Let g(a) = a**2 + 11*a + 10. Give g(-11).
10
Let q(o) = 291*o - 2038. Calculate q(7).
-1
Let o(u) = -16*u**2 - 2*u + 1. What is o(1)?
-17
Let b(u) = u**3 - 6*u**2 - 40*u + 8. Determine b(10).
8
Let j(h) = h**2 - 8*h + 15. Give j(7).
8
Let i(j) = j**3 + 6*j**2 - 6. What is i(-6)?
-6
Let p(k) = 29*k - 3. Determine p(-1).
-32
Let k(v) = 8*v + 195. Determine k(-25).
-5
Let x(j) = j**2 - 11*j + 6. Calculate x(9).
-12
Let u(r) = -r**2 - 8*r + 9. What is u(-7)?
16
Let t(i) = -i**2 + 11*i + 13. Calculate t(11).
13
Let r(b) = -b**3 + 11*b**2 - 15*b + 23. Calculate r(10).
-27
Let u(o) = 2*o**3 + 9*o**2 - 43*o - 193. Give u(-4).
-5
Let w(j) = j - 10. Give w(17).
7
Let u(p) = -p**3 + 4*p**2 - 4*p. Give u(3).
-3
Let f(h) = -6*h + 74. What is f(15)?
-16
Let k(v) = v**2 + 10*v - 23. What is k(-12)?
1
Let y(u) = 5*u**2 - 51*u. Give y(10).
-10
Let z(c) = -3*c**2 + 15*c + 70. What is z(-3)?
-2
Let n(i) = -i**3 - 14*i**2 + 16*i + 28. Determine n(-15).
13
Let i(g) = g**2 - 21*g + 49. Give i(18).
-5
Let a(f) = -f + 6. What is a(5)?
1
Let x(v) = v**3 + 12*v**2 - 21*v - 110. Determine x(-13).
-6
Let b(o) = -13*o + 106. Calculate b(6).
28
Let l(h) = 7*h + 1. Determine l(-2).
-13
Let i(n) = -15*n + 460. Give i(31).
-5
Let y(w) = 29*w**3 - 3*w**2 + 4*w - 3. Give y(1).
27
Let c(m) = -m**2 - m + 4. Give c(0).
4
Let x(l) = -6*l**2 - l - 7. What is x(-2)?
-29
Let w(c) = 2*c**3 - 32*c**2 - 31*c - 48. Determine w(17).
3
Let f(x) = 36*x + 6. What is f(-1)?
-30
Let x(r) = 20*r + 240. Determine x(-12).
0
Let r(y) = y**3 - 9*y**2 - 6*y - 53. What is r(10)?
-13
Let c(n) = -n**3 - 3*n**2 + 3*n + 4. What is c(3)?
-41
Let c(m) = -m**2 - m. What is c(-3)?
-6
Let s(o) = -3*o**2 - 45*o + 44. What is s(-16)?
-4
Let z(h) = 9*h + 20. Calculate z(-3).
-7
Let g(o) = o**2 - 16*o + 13. Give g(16).
13
Let j(c) = -c**3 + 13*c**2 - 3*c + 37. Determine j(13).
-2
Let n(k) = -k**2 - 14*k + 2. Give n(-5).
47
Let u(s) = -s**3 - 4*s**2 + 11*s + 34. What is u(-5)?
4
Let r(d) = d - 3. Calculate r(4).
1
Let h(r) = r + 3. Give h(7).
10
Let o(y) = y**2 - 10*y - 5. Calculate o(9).
-14
Let b(i) = 3*i